{"id":1399,"date":"2021-11-05T16:28:16","date_gmt":"2021-11-05T16:28:16","guid":{"rendered":"http:\/\/www.hcgrupo.com\/?post_type=product&#038;p=1399"},"modified":"2022-01-09T20:52:49","modified_gmt":"2022-01-09T20:52:49","slug":"fingrip","status":"publish","type":"product","link":"http:\/\/www.hcgrupo.com\/?product=fingrip","title":{"rendered":"FINGRIP"},"content":{"rendered":"","protected":false},"excerpt":{"rendered":"<p><strong>Acci\u00f3n Terap\u00e9utica<\/strong><\/p>\n<ul>\n<li>Antifebril \u2013 Descongestivo.<\/li>\n<\/ul>\n<p><strong>Principio Activo<\/strong><\/p>\n<ul>\n<li>Paracetamol.<\/li>\n<li>Pseudoefedrina Clorhidrato.<\/li>\n<li>Clorfeniramina Maleato.<\/li>\n<\/ul>\n<p><strong>F\u00f3rmula<br \/>\n<\/strong><\/p>\n<p><strong><u>Cada comprimido recubierto D\u00eda contiene<\/u>:<\/strong><\/p>\n<ul>\n<li>Paracetamol (555,555 mg de CD Granulado 90%)\u2026..500,000 mg<\/li>\n<li>Pseudoefedrina Clorhidrato\u2026\u2026\u2026\u2026\u2026\u2026\u2026\u2026\u2026\u2026\u2026\u202660,000 mg<\/li>\n<li>Excipientes c.s.p.<\/li>\n<\/ul>\n<p><strong><u>Cada comprimido recubierto Noche contiene<\/u>:<\/strong><\/p>\n<ul>\n<li>Paracetamol (555,555 mg de CD Granulado 90%)\u2026..500,000 mg<\/li>\n<li>Pseudoefedrina Clorhidrato\u2026\u2026\u2026\u2026\u2026\u2026\u2026\u2026\u2026\u2026\u2026\u202660,000 mg<\/li>\n<li>Clorfeniramina Maleato\u2026\u2026.\u2026\u2026\u2026\u2026\u2026\u2026\u2026\u2026\u2026\u2026\u2026\u20264,000 mg<\/li>\n<li>Excipientes c.s.p.<\/li>\n<\/ul>\n<p><strong>Formula de FINGRIP \u00ae Jarabe:<\/strong><\/p>\n<ul>\n<li><u>Cada 5 mL contiene<\/u>:<\/li>\n<li>Paracetamol\u2026\u2026\u2026\u2026\u2026\u2026\u2026\u2026\u2026\u2026\u2026\u2026\u2026\u2026\u2026.\u2026.\u2026..125,000 mg<\/li>\n<li>Pseudoefedrina Clorhidrato\u2026\u2026\u2026\u2026\u2026\u2026\u2026\u2026\u2026\u2026\u2026\u202630,000 mg<\/li>\n<li>Clorfeniramina Maleato\u2026\u2026.\u2026\u2026\u2026\u2026\u2026\u2026\u2026\u2026\u2026\u2026\u2026\u20262,000 mg<\/li>\n<li>Excipientes c.s.p\u2026\u2026\u2026\u2026\u2026\u2026\u2026\u2026\u2026\u2026\u2026\u2026\u2026\u2026\u2026\u2026\u20265,000 mL<\/li>\n<\/ul>\n<p><strong>Indicaci\u00f3n<br \/>\n<\/strong><\/p>\n<p>FINGRIP \u00ae en todas sus formas farmac\u00e9uticas est\u00e1 indicado para \u00e9l alivio sintom\u00e1tico de los procesos gripales que cursen con fiebre, dolor leve o moderado, congesti\u00f3n y secreci\u00f3n nasal para adultos y adolescentes (siendo el jarabe el destinado al uso pedi\u00e1trico).<\/p>\n<p><strong>Presentaci\u00f3n<br \/>\n<\/strong><\/p>\n<ul>\n<li>FINGRIP JARABE X 100 ML<\/li>\n<li>FINGRIP DN X 12 COMPRIMIDOS RECUBIERTOS<\/li>\n<li>FINGRIP DN X 24 COMPRIMIDOS RECUBIERTOS<\/li>\n<li>FINGRIP DN EXHIBIDOR X 90 COMPRIMIDOS RECUBIERTOS<\/li>\n<\/ul>\n","protected":false},"featured_media":1400,"template":"","meta":{"spay_email":""},"product_cat":[22],"product_tag":[],"_links":{"self":[{"href":"http:\/\/www.hcgrupo.com\/index.php?rest_route=\/wp\/v2\/product\/1399"}],"collection":[{"href":"http:\/\/www.hcgrupo.com\/index.php?rest_route=\/wp\/v2\/product"}],"about":[{"href":"http:\/\/www.hcgrupo.com\/index.php?rest_route=\/wp\/v2\/types\/product"}],"wp:featuredmedia":[{"embeddable":true,"href":"http:\/\/www.hcgrupo.com\/index.php?rest_route=\/wp\/v2\/media\/1400"}],"wp:attachment":[{"href":"http:\/\/www.hcgrupo.com\/index.php?rest_route=%2Fwp%2Fv2%2Fmedia&parent=1399"}],"wp:term":[{"taxonomy":"product_cat","embeddable":true,"href":"http:\/\/www.hcgrupo.com\/index.php?rest_route=%2Fwp%2Fv2%2Fproduct_cat&post=1399"},{"taxonomy":"product_tag","embeddable":true,"href":"http:\/\/www.hcgrupo.com\/index.php?rest_route=%2Fwp%2Fv2%2Fproduct_tag&post=1399"}],"curies":[{"name":"wp","href":"https:\/\/api.w.org\/{rel}","templated":true}]}}