{"id":1421,"date":"2021-11-08T17:49:21","date_gmt":"2021-11-08T17:49:21","guid":{"rendered":"http:\/\/www.hcgrupo.com\/?post_type=product&#038;p=1421"},"modified":"2021-11-08T17:50:46","modified_gmt":"2021-11-08T17:50:46","slug":"effaclar-bb-blur","status":"publish","type":"product","link":"http:\/\/www.hcgrupo.com\/?product=effaclar-bb-blur","title":{"rendered":"Effaclar BB BLUR"},"content":{"rendered":"","protected":false},"excerpt":{"rendered":"<p><strong>Informaci\u00f3n del Producto<\/strong><\/p>\n<p>Textura en mousse\/crema con color que brinda una alta cobertura para pieles grasas y\/o con tendencia acn\u00e9ica. Brinda un acabado anti-brillo durante todo el d\u00eda, de r\u00e1pida absorci\u00f3n para pieles sensibles para una piel mate al instante.<\/p>\n<p><strong>Modo de Uso<\/strong><\/p>\n<p>Textura no grasa, absorbente. Efecto matificante de larga duraci\u00f3n demostrado. Aplicar ma\u00f1ana o noche. Evitar el contorno de los ojos. Excelente base de maquillaje. No comedog\u00e9nico. Testado bajo control dermatol\u00f3gico.<\/p>\n<p><strong>Contenido<\/strong><\/p>\n<ul>\n<li>30 ml.<\/li>\n<\/ul>\n","protected":false},"featured_media":1422,"template":"","meta":{"spay_email":""},"product_cat":[24],"product_tag":[],"_links":{"self":[{"href":"http:\/\/www.hcgrupo.com\/index.php?rest_route=\/wp\/v2\/product\/1421"}],"collection":[{"href":"http:\/\/www.hcgrupo.com\/index.php?rest_route=\/wp\/v2\/product"}],"about":[{"href":"http:\/\/www.hcgrupo.com\/index.php?rest_route=\/wp\/v2\/types\/product"}],"wp:featuredmedia":[{"embeddable":true,"href":"http:\/\/www.hcgrupo.com\/index.php?rest_route=\/wp\/v2\/media\/1422"}],"wp:attachment":[{"href":"http:\/\/www.hcgrupo.com\/index.php?rest_route=%2Fwp%2Fv2%2Fmedia&parent=1421"}],"wp:term":[{"taxonomy":"product_cat","embeddable":true,"href":"http:\/\/www.hcgrupo.com\/index.php?rest_route=%2Fwp%2Fv2%2Fproduct_cat&post=1421"},{"taxonomy":"product_tag","embeddable":true,"href":"http:\/\/www.hcgrupo.com\/index.php?rest_route=%2Fwp%2Fv2%2Fproduct_tag&post=1421"}],"curies":[{"name":"wp","href":"https:\/\/api.w.org\/{rel}","templated":true}]}}