{"id":1438,"date":"2021-11-08T18:07:13","date_gmt":"2021-11-08T18:07:13","guid":{"rendered":"http:\/\/www.hcgrupo.com\/?post_type=product&#038;p=1438"},"modified":"2021-11-08T18:10:03","modified_gmt":"2021-11-08T18:10:03","slug":"retinol-b3-serum-30-ml","status":"publish","type":"product","link":"http:\/\/www.hcgrupo.com\/?product=retinol-b3-serum-30-ml","title":{"rendered":"RETINOL B3 SERUM 30 ML"},"content":{"rendered":"","protected":false},"excerpt":{"rendered":"<p><strong>Informaci\u00f3n del Producto<\/strong><\/p>\n<p>Suero regenerador anti-arrugas concentrado, con una mol\u00e9cula Anti-Edad por excelencia, Retinol Puro + Retinol de Liberaci\u00f3n Gradual combinado con Vitamina B3 para reparar la barrera de la piel.<\/p>\n<p>Corrige Arrugas profundas, tono irregular de la piel y los signos del Fotoenvejecimiento.<br \/>\nLa f\u00f3rmula de <strong>Retinol B3 Serum<\/strong> es un complejo \u00fanico de Retinol Puro + Retinol de liberaci\u00f3n gradual que brinda una acci\u00f3n anti-arrugas profunda, combinado con Vitamina B3 para una \u00f3ptima eficacia regeneradora.<\/p>\n<p><strong>Tolerancia \u00d3ptima<\/strong><br \/>\nCl\u00ednicamente probado incluso en pieles sensibles, eficacia comprobada por consumidores<\/p>\n<p><strong>Modo de Uso<\/strong><\/p>\n<ul>\n<li>Textura hidratante, fluida, sedoso y no pegajoso. Aqua-gel no grasa.<\/li>\n<li>Aplicar de 3 a 4 gotas en rostro, cuello y escote por las noches.<\/li>\n<li>De dia usar en conjunto un protector solar diariamente (FPS &gt; 15).<\/li>\n<\/ul>\n<p><strong>Composici\u00f3n<\/strong><\/p>\n<ul>\n<li>Complejo RETINOL: arrugas profundas reducidas, tez de piel m\u00e1s uniforme.<\/li>\n<li>Vitamina B3: reduce la irritaci\u00f3n.<\/li>\n<li>Glicerina.<\/li>\n<\/ul>\n<p><strong>Contenido<\/strong><\/p>\n<ul>\n<li>30 ml.<\/li>\n<\/ul>\n","protected":false},"featured_media":1439,"template":"","meta":{"spay_email":""},"product_cat":[24],"product_tag":[],"_links":{"self":[{"href":"http:\/\/www.hcgrupo.com\/index.php?rest_route=\/wp\/v2\/product\/1438"}],"collection":[{"href":"http:\/\/www.hcgrupo.com\/index.php?rest_route=\/wp\/v2\/product"}],"about":[{"href":"http:\/\/www.hcgrupo.com\/index.php?rest_route=\/wp\/v2\/types\/product"}],"wp:featuredmedia":[{"embeddable":true,"href":"http:\/\/www.hcgrupo.com\/index.php?rest_route=\/wp\/v2\/media\/1439"}],"wp:attachment":[{"href":"http:\/\/www.hcgrupo.com\/index.php?rest_route=%2Fwp%2Fv2%2Fmedia&parent=1438"}],"wp:term":[{"taxonomy":"product_cat","embeddable":true,"href":"http:\/\/www.hcgrupo.com\/index.php?rest_route=%2Fwp%2Fv2%2Fproduct_cat&post=1438"},{"taxonomy":"product_tag","embeddable":true,"href":"http:\/\/www.hcgrupo.com\/index.php?rest_route=%2Fwp%2Fv2%2Fproduct_tag&post=1438"}],"curies":[{"name":"wp","href":"https:\/\/api.w.org\/{rel}","templated":true}]}}