{"id":215,"date":"2020-11-08T18:56:46","date_gmt":"2020-11-08T18:56:46","guid":{"rendered":"http:\/\/www.hcgrupo.com\/?post_type=product&#038;p=215"},"modified":"2022-01-09T20:55:10","modified_gmt":"2022-01-09T20:55:10","slug":"aeroplus","status":"publish","type":"product","link":"http:\/\/www.hcgrupo.com\/?product=aeroplus","title":{"rendered":"AEROPL\u00daS 200"},"content":{"rendered":"","protected":false},"excerpt":{"rendered":"<p><strong>Acci\u00f3n Terap\u00e9utica<\/strong><\/p>\n<ul>\n<li>Antiasm\u00e1tico. Corticoide no halogenado.<\/li>\n<\/ul>\n<p><strong>Principio Activo<\/strong><\/p>\n<ul>\n<li>Budesonide.<\/li>\n<\/ul>\n<p><strong>F\u00f3rmula<\/strong><\/p>\n<ul>\n<li>Cada accionar de v\u00e1lvula suministra 200 mcg de Budesonide, excipiente c.s.p.<\/li>\n<\/ul>\n<p><strong>Indicaci\u00f3n<\/strong><\/p>\n<ul>\n<li>Tratamiento de mantenimiento del asma bronquial persistente y en pacientes con EPOC de los que se obtiene mejor\u00eda en los primeros 3 meses.<\/li>\n<li>No indicado para el tratamiento de las crisis asm\u00e1ticas.<\/li>\n<\/ul>\n<p><strong>Presentaci\u00f3n<\/strong><\/p>\n<ul>\n<li>Envase de 200 dosis<\/li>\n<\/ul>\n","protected":false},"featured_media":217,"template":"","meta":{"spay_email":""},"product_cat":[21],"product_tag":[],"_links":{"self":[{"href":"http:\/\/www.hcgrupo.com\/index.php?rest_route=\/wp\/v2\/product\/215"}],"collection":[{"href":"http:\/\/www.hcgrupo.com\/index.php?rest_route=\/wp\/v2\/product"}],"about":[{"href":"http:\/\/www.hcgrupo.com\/index.php?rest_route=\/wp\/v2\/types\/product"}],"wp:featuredmedia":[{"embeddable":true,"href":"http:\/\/www.hcgrupo.com\/index.php?rest_route=\/wp\/v2\/media\/217"}],"wp:attachment":[{"href":"http:\/\/www.hcgrupo.com\/index.php?rest_route=%2Fwp%2Fv2%2Fmedia&parent=215"}],"wp:term":[{"taxonomy":"product_cat","embeddable":true,"href":"http:\/\/www.hcgrupo.com\/index.php?rest_route=%2Fwp%2Fv2%2Fproduct_cat&post=215"},{"taxonomy":"product_tag","embeddable":true,"href":"http:\/\/www.hcgrupo.com\/index.php?rest_route=%2Fwp%2Fv2%2Fproduct_tag&post=215"}],"curies":[{"name":"wp","href":"https:\/\/api.w.org\/{rel}","templated":true}]}}