{"id":238,"date":"2020-11-08T19:57:32","date_gmt":"2020-11-08T19:57:32","guid":{"rendered":"http:\/\/www.hcgrupo.com\/?post_type=product&#038;p=238"},"modified":"2022-01-09T20:55:19","modified_gmt":"2022-01-09T20:55:19","slug":"serflu","status":"publish","type":"product","link":"http:\/\/www.hcgrupo.com\/?product=serflu","title":{"rendered":"SERFL\u00da"},"content":{"rendered":"","protected":false},"excerpt":{"rendered":"<p><strong>Acci\u00f3n Terap\u00e9utica<\/strong><\/p>\n<ul>\n<li>Broncodilatador beta 2 agonista adren\u00e9rgico de larga duraci\u00f3n de acci\u00f3n (12 horas), asociado con corticoide.<\/li>\n<\/ul>\n<p><strong>Principio Activo<\/strong><\/p>\n<ul>\n<li>Salmeterol.<\/li>\n<li>Propionato de Fluticasona.<\/li>\n<\/ul>\n<p><strong>F\u00f3rmula<\/strong><\/p>\n<ul>\n<li><strong>Serfl\u00fa 125:<\/strong> cada accionar de v\u00e1lvula suministra Salmeterol (como xinafoato) 25 mcg Propionato de Fluticasona 125 mcg, excipientes c.s.p.<\/li>\n<li><strong>Serfl\u00fa 250:<\/strong> cada accionar de v\u00e1lvula suministra Salmeterol (como xinafoato)25 mcg. Propionato de Fluticasona 250 mcg, excipientes c.s.p.<\/li>\n<li>Contiene propelente que no afecta la capa de ozono.<\/li>\n<\/ul>\n<p><strong>Indicaci\u00f3n<\/strong><\/p>\n<ul>\n<li>Tratamiento de mantenimiento del asma en adultos y adolescentes que no logran control adecuado con corticoides inhalados y beta 2 adren\u00e9rgicos de corta duraci\u00f3n a demanda. Terapia de mantenimiento en pacientes EPOC con un VEF1 menor de 60% post broncodilatadores y que presenten fenotipo exacerbador.<\/li>\n<\/ul>\n<p><strong>Presentaci\u00f3n<\/strong><\/p>\n<ul>\n<li>Serfl\u00fa 125 &#8211; envases de 120 dosis.<\/li>\n<li>Serfl\u00fa 250 &#8211; envases de 120 dosis.<\/li>\n<\/ul>\n","protected":false},"featured_media":239,"template":"","meta":{"spay_email":""},"product_cat":[21],"product_tag":[],"_links":{"self":[{"href":"http:\/\/www.hcgrupo.com\/index.php?rest_route=\/wp\/v2\/product\/238"}],"collection":[{"href":"http:\/\/www.hcgrupo.com\/index.php?rest_route=\/wp\/v2\/product"}],"about":[{"href":"http:\/\/www.hcgrupo.com\/index.php?rest_route=\/wp\/v2\/types\/product"}],"wp:featuredmedia":[{"embeddable":true,"href":"http:\/\/www.hcgrupo.com\/index.php?rest_route=\/wp\/v2\/media\/239"}],"wp:attachment":[{"href":"http:\/\/www.hcgrupo.com\/index.php?rest_route=%2Fwp%2Fv2%2Fmedia&parent=238"}],"wp:term":[{"taxonomy":"product_cat","embeddable":true,"href":"http:\/\/www.hcgrupo.com\/index.php?rest_route=%2Fwp%2Fv2%2Fproduct_cat&post=238"},{"taxonomy":"product_tag","embeddable":true,"href":"http:\/\/www.hcgrupo.com\/index.php?rest_route=%2Fwp%2Fv2%2Fproduct_tag&post=238"}],"curies":[{"name":"wp","href":"https:\/\/api.w.org\/{rel}","templated":true}]}}