{"id":304,"date":"2020-11-08T21:59:56","date_gmt":"2020-11-08T21:59:56","guid":{"rendered":"http:\/\/www.hcgrupo.com\/?post_type=product&#038;p=304"},"modified":"2020-12-14T20:26:41","modified_gmt":"2020-12-14T20:26:41","slug":"nasul","status":"publish","type":"product","link":"http:\/\/www.hcgrupo.com\/?product=nasul","title":{"rendered":"NASUL"},"content":{"rendered":"","protected":false},"excerpt":{"rendered":"<p><strong>Acci\u00f3n Terap\u00e9utica<\/strong><\/p>\n<ul>\n<li>Bloqueante alfa-adren\u00e9rgico. Descongestivo prost\u00e1tico. Bloquea los receptores adren\u00e9rgicos alfa-1 A con una especificidad alfa-1 A\/alfa-1 B igual a 20.<\/li>\n<\/ul>\n<p><strong>Principio Activo<\/strong><\/p>\n<ul>\n<li>Tamsulosina 0,4 mg.<\/li>\n<\/ul>\n<p><strong>F\u00f3rmula<\/strong><\/p>\n<ul>\n<li>Cada comprimido con recubrimiento ent\u00e9rico de liberaci\u00f3n prolongada contiene:\n<ul>\n<li>Tamsulosina clorhidrato\u2026\u2026\u2026\u2026\u2026\u2026\u2026\u2026&#8230;&#8230;&#8230;&#8230;&#8230;&#8230;..\u2026\u2026 0,4 mg.<\/li>\n<li>Excipientes&#8230;&#8230;&#8230;&#8230;&#8230;&#8230;&#8230;&#8230;&#8230;&#8230;&#8230;&#8230;&#8230;&#8230;&#8230;&#8230;&#8230;&#8230;&#8230;&#8230;&#8230;&#8230;&#8230;&#8230;.. c.s.<\/li>\n<\/ul>\n<\/li>\n<\/ul>\n<p><strong>Indicaci\u00f3n<\/strong><\/p>\n<ul>\n<li>Tratamiento de la hiperplasia benigna de la pr\u00f3stata en aquellos casos en que la cirug\u00eda est\u00e1 contraindicada, como etapa provisoria o como elecci\u00f3n personal del paciente.<\/li>\n<li>Control de la espasticidad esfinteriana uretral.<\/li>\n<\/ul>\n<p><strong>Presentaci\u00f3n<\/strong><\/p>\n<ul>\n<li>Caja conteniendo 30 comprimidos con recubrimiento ent\u00e9rico de liberaci\u00f3n prolongada.<\/li>\n<\/ul>\n","protected":false},"featured_media":305,"template":"","meta":{"spay_email":""},"product_cat":[22],"product_tag":[],"_links":{"self":[{"href":"http:\/\/www.hcgrupo.com\/index.php?rest_route=\/wp\/v2\/product\/304"}],"collection":[{"href":"http:\/\/www.hcgrupo.com\/index.php?rest_route=\/wp\/v2\/product"}],"about":[{"href":"http:\/\/www.hcgrupo.com\/index.php?rest_route=\/wp\/v2\/types\/product"}],"wp:featuredmedia":[{"embeddable":true,"href":"http:\/\/www.hcgrupo.com\/index.php?rest_route=\/wp\/v2\/media\/305"}],"wp:attachment":[{"href":"http:\/\/www.hcgrupo.com\/index.php?rest_route=%2Fwp%2Fv2%2Fmedia&parent=304"}],"wp:term":[{"taxonomy":"product_cat","embeddable":true,"href":"http:\/\/www.hcgrupo.com\/index.php?rest_route=%2Fwp%2Fv2%2Fproduct_cat&post=304"},{"taxonomy":"product_tag","embeddable":true,"href":"http:\/\/www.hcgrupo.com\/index.php?rest_route=%2Fwp%2Fv2%2Fproduct_tag&post=304"}],"curies":[{"name":"wp","href":"https:\/\/api.w.org\/{rel}","templated":true}]}}