{"id":414,"date":"2020-11-08T23:02:35","date_gmt":"2020-11-08T23:02:35","guid":{"rendered":"http:\/\/www.hcgrupo.com\/?post_type=product&#038;p=414"},"modified":"2021-11-05T16:43:15","modified_gmt":"2021-11-05T16:43:15","slug":"gel-lavant-ultra-hidratante","status":"publish","type":"product","link":"http:\/\/www.hcgrupo.com\/?product=gel-lavant-ultra-hidratante","title":{"rendered":"Saforelle Ultra Hidratante"},"content":{"rendered":"","protected":false},"excerpt":{"rendered":"<p><strong>Descripci\u00f3n del Producto<\/strong><\/p>\n<ul>\n<li>Higiene \u00edntima y corporal: hidrata y alivia las pieles y las mucosas secas.<\/li>\n<\/ul>\n<p><strong>Principio Activo<\/strong><\/p>\n<ul>\n<li>Extracto de Bardana.<\/li>\n<li>Aloe Vera.<\/li>\n<\/ul>\n<p><strong>F\u00f3rmula<\/strong><\/p>\n<ul>\n<li>Aqua, Cocamidopropyl betaine, Cocamide DEA, Sodium chloride, PEG-6 Caprylic\/capric glycerides, Parfum, Propylene glycol, Stearamine oxide, Octoxynol-12, Lavandula angustifolia oil, Tetrasodium EDTA, Linalool, Polysorbate 20, Sodium hydroxide, Citronellol, Arctium lappa root extract, Coumarin, Geraniol, Limonene, Dimethyl stearamine.<\/li>\n<\/ul>\n<p><strong>Modo de Uso<\/strong><\/p>\n<ul>\n<li>El Cuidado \u00cdntimo Ultra Hidratante Saforelle est\u00e1 especialmente formulado para las mujeres que presentan se\u00f1ales de sequedad \u00edntima (toma de ciertos medicamentos, variaciones hormonales como la menopausia, etc.).<\/li>\n<li>Los extractos naturales de aloe vera, combinados con agentes sobregrasos, contribuyen a una mejor hidrataci\u00f3n y son fuente de confort \u00edntimo.<\/li>\n<\/ul>\n<p><strong>Presentaci\u00f3n<\/strong><\/p>\n<ul>\n<li>Frasco por 100 ml.<\/li>\n<li>Frasco por 250 ml.<\/li>\n<\/ul>\n","protected":false},"featured_media":1003,"template":"","meta":{"spay_email":""},"product_cat":[25],"product_tag":[],"_links":{"self":[{"href":"http:\/\/www.hcgrupo.com\/index.php?rest_route=\/wp\/v2\/product\/414"}],"collection":[{"href":"http:\/\/www.hcgrupo.com\/index.php?rest_route=\/wp\/v2\/product"}],"about":[{"href":"http:\/\/www.hcgrupo.com\/index.php?rest_route=\/wp\/v2\/types\/product"}],"wp:featuredmedia":[{"embeddable":true,"href":"http:\/\/www.hcgrupo.com\/index.php?rest_route=\/wp\/v2\/media\/1003"}],"wp:attachment":[{"href":"http:\/\/www.hcgrupo.com\/index.php?rest_route=%2Fwp%2Fv2%2Fmedia&parent=414"}],"wp:term":[{"taxonomy":"product_cat","embeddable":true,"href":"http:\/\/www.hcgrupo.com\/index.php?rest_route=%2Fwp%2Fv2%2Fproduct_cat&post=414"},{"taxonomy":"product_tag","embeddable":true,"href":"http:\/\/www.hcgrupo.com\/index.php?rest_route=%2Fwp%2Fv2%2Fproduct_tag&post=414"}],"curies":[{"name":"wp","href":"https:\/\/api.w.org\/{rel}","templated":true}]}}