{"id":754,"date":"2020-12-14T21:14:10","date_gmt":"2020-12-14T21:14:10","guid":{"rendered":"http:\/\/www.hcgrupo.com\/?post_type=product&#038;p=754"},"modified":"2021-11-08T17:58:15","modified_gmt":"2021-11-08T17:58:15","slug":"anthelios-shaka-fluido-spf50","status":"publish","type":"product","link":"http:\/\/www.hcgrupo.com\/?product=anthelios-shaka-fluido-spf50","title":{"rendered":"Anthelios Shaka Fluido SPF50+"},"content":{"rendered":"","protected":false},"excerpt":{"rendered":"<p><strong>Informaci\u00f3n del Producto<\/strong><\/p>\n<ul>\n<li>Innovaci\u00f3n en protecci\u00f3n solar.<\/li>\n<li>Muy alta protecci\u00f3n solar contra rayos UVA\/UVB, ayuda a prevenir el da\u00f1o causado por rayos infrarrojo-A y la contaminaci\u00f3n. Muy resistente al agua, al sudor y a la arena. Textura ligera, y de muy f\u00e1cil absorci\u00f3n. No pica los ojos, ideal para deportes al aire libre.<\/li>\n<\/ul>\n<p><strong>Modo de Uso<\/strong><\/p>\n<ul>\n<li>Para uso en rostro y contorno de ojos (No irrita los ojos).<\/li>\n<li>Aplicar justo antes de la exposici\u00f3n solar. Reaplicar frecuentemente durante el d\u00eda para mantener la protecci\u00f3n, especialmente despu\u00e9s de la transpiraci\u00f3n o el haber usado una toalla.<\/li>\n<li>Cada 4 horas en la playa y cada 6 horas en la ciudad.<\/li>\n<\/ul>\n<p><strong>Contenido<\/strong><\/p>\n<ul>\n<li>50 ml.<\/li>\n<\/ul>\n","protected":false},"featured_media":1430,"template":"","meta":{"spay_email":""},"product_cat":[24],"product_tag":[],"_links":{"self":[{"href":"http:\/\/www.hcgrupo.com\/index.php?rest_route=\/wp\/v2\/product\/754"}],"collection":[{"href":"http:\/\/www.hcgrupo.com\/index.php?rest_route=\/wp\/v2\/product"}],"about":[{"href":"http:\/\/www.hcgrupo.com\/index.php?rest_route=\/wp\/v2\/types\/product"}],"wp:featuredmedia":[{"embeddable":true,"href":"http:\/\/www.hcgrupo.com\/index.php?rest_route=\/wp\/v2\/media\/1430"}],"wp:attachment":[{"href":"http:\/\/www.hcgrupo.com\/index.php?rest_route=%2Fwp%2Fv2%2Fmedia&parent=754"}],"wp:term":[{"taxonomy":"product_cat","embeddable":true,"href":"http:\/\/www.hcgrupo.com\/index.php?rest_route=%2Fwp%2Fv2%2Fproduct_cat&post=754"},{"taxonomy":"product_tag","embeddable":true,"href":"http:\/\/www.hcgrupo.com\/index.php?rest_route=%2Fwp%2Fv2%2Fproduct_tag&post=754"}],"curies":[{"name":"wp","href":"https:\/\/api.w.org\/{rel}","templated":true}]}}