{"id":810,"date":"2020-12-15T16:30:23","date_gmt":"2020-12-15T16:30:23","guid":{"rendered":"http:\/\/www.hcgrupo.com\/?post_type=product&#038;p=810"},"modified":"2020-12-15T16:31:42","modified_gmt":"2020-12-15T16:31:42","slug":"toleriane-ultra-crema","status":"publish","type":"product","link":"http:\/\/www.hcgrupo.com\/?product=toleriane-ultra-crema","title":{"rendered":"Toleriane Ultra Crema"},"content":{"rendered":"","protected":false},"excerpt":{"rendered":"<p><strong>Informaci\u00f3n del Producto<\/strong><\/p>\n<ul>\n<li>Cuidado calmante de uso diario de pieles ultra sensibles y al\u00e9rgicas.<\/li>\n<li>F\u00f3rmula reducida a lo esencial, con un m\u00ednimo de componentes y la eliminaci\u00f3n de cualquier sustancia potencialmente irritante o alergizante.<\/li>\n<\/ul>\n<p><strong>Modo de Uso<\/strong><\/p>\n<ul>\n<li>Aplicar en rostro y cuello ma\u00f1ana y noche.<\/li>\n<\/ul>\n<p><strong>Contenido<\/strong><\/p>\n<ul>\n<li>40 ml.<\/li>\n<\/ul>\n","protected":false},"featured_media":811,"template":"","meta":{"spay_email":""},"product_cat":[24],"product_tag":[],"_links":{"self":[{"href":"http:\/\/www.hcgrupo.com\/index.php?rest_route=\/wp\/v2\/product\/810"}],"collection":[{"href":"http:\/\/www.hcgrupo.com\/index.php?rest_route=\/wp\/v2\/product"}],"about":[{"href":"http:\/\/www.hcgrupo.com\/index.php?rest_route=\/wp\/v2\/types\/product"}],"wp:featuredmedia":[{"embeddable":true,"href":"http:\/\/www.hcgrupo.com\/index.php?rest_route=\/wp\/v2\/media\/811"}],"wp:attachment":[{"href":"http:\/\/www.hcgrupo.com\/index.php?rest_route=%2Fwp%2Fv2%2Fmedia&parent=810"}],"wp:term":[{"taxonomy":"product_cat","embeddable":true,"href":"http:\/\/www.hcgrupo.com\/index.php?rest_route=%2Fwp%2Fv2%2Fproduct_cat&post=810"},{"taxonomy":"product_tag","embeddable":true,"href":"http:\/\/www.hcgrupo.com\/index.php?rest_route=%2Fwp%2Fv2%2Fproduct_tag&post=810"}],"curies":[{"name":"wp","href":"https:\/\/api.w.org\/{rel}","templated":true}]}}