{"id":847,"date":"2020-12-15T19:56:14","date_gmt":"2020-12-15T19:56:14","guid":{"rendered":"http:\/\/www.hcgrupo.com\/?post_type=product&#038;p=847"},"modified":"2021-11-05T16:43:22","modified_gmt":"2021-11-05T16:43:22","slug":"crema-apaisant","status":"publish","type":"product","link":"http:\/\/www.hcgrupo.com\/?product=crema-apaisant","title":{"rendered":"Crema Apaisant"},"content":{"rendered":"","protected":false},"excerpt":{"rendered":"<p><strong>Descripci\u00f3n del Producto<\/strong><\/p>\n<ul>\n<li>Cuidado \u00edntimo y corporal: alivia y suaviza las pieles sensibles, secas o irritadas.<\/li>\n<\/ul>\n<p><strong>Principio Activo<\/strong><\/p>\n<ul>\n<li>Extracto de Bardana.<\/li>\n<\/ul>\n<p><strong>F\u00f3rmula<\/strong><\/p>\n<ul>\n<li>Aqua, Paraffinum Liquidum, Glyceryl Stearate, Peg-100 Stearate, Hydrogenated Starch Hydrolysate, Caprylic\/Capric Triglyceride, Cyclopentasiloxane, Phenyl Trimethicone, Propylene Glycol, Triethanolamine, Carbomer, Glycyrrrhetinic Acid, Sodium Benzoate, Tocopheryl Acetate, Methylparaben, Cetyl Alcohol, Parfum, Allantoin, Propylparaben, Arctium Lappa Root Extract, Lavandula Angustifolia Oil, Linalool, Citronellol, Coumarin, Geraniol, Limonene, Eugenol, Cinnamyl Alcohol, Hydroxycitronellal, Citral.<\/li>\n<\/ul>\n<p><strong>Modo de Uso<\/strong><\/p>\n<ul>\n<li>La Crema \u00cdntima Calmante Saforelle se formul\u00f3 especialmente para aliviar las irritaciones y las sensaciones de malestar de las pieles sensibles, secas o irritadas.<\/li>\n<li>Sus extractos naturales de bardana y su activo de alanto\u00edna le otorgan propiedades suavizantes, calmantes y reparadoras.<\/li>\n<li>La Crema \u00cdntima Calmante Saforelle es ideal despu\u00e9s de la ducha o la rutina de higiene intima para prolongar la acci\u00f3n calmante y suavizante de los cuidados limpiadores Saforelle, o en todo momento del d\u00eda para aliviar las pieles irritadas.<\/li>\n<\/ul>\n<p><strong>Presentaci\u00f3n<\/strong><\/p>\n<ul>\n<li>Pomo de 50 ml.<\/li>\n<\/ul>\n","protected":false},"featured_media":998,"template":"","meta":{"spay_email":""},"product_cat":[25],"product_tag":[],"_links":{"self":[{"href":"http:\/\/www.hcgrupo.com\/index.php?rest_route=\/wp\/v2\/product\/847"}],"collection":[{"href":"http:\/\/www.hcgrupo.com\/index.php?rest_route=\/wp\/v2\/product"}],"about":[{"href":"http:\/\/www.hcgrupo.com\/index.php?rest_route=\/wp\/v2\/types\/product"}],"wp:featuredmedia":[{"embeddable":true,"href":"http:\/\/www.hcgrupo.com\/index.php?rest_route=\/wp\/v2\/media\/998"}],"wp:attachment":[{"href":"http:\/\/www.hcgrupo.com\/index.php?rest_route=%2Fwp%2Fv2%2Fmedia&parent=847"}],"wp:term":[{"taxonomy":"product_cat","embeddable":true,"href":"http:\/\/www.hcgrupo.com\/index.php?rest_route=%2Fwp%2Fv2%2Fproduct_cat&post=847"},{"taxonomy":"product_tag","embeddable":true,"href":"http:\/\/www.hcgrupo.com\/index.php?rest_route=%2Fwp%2Fv2%2Fproduct_tag&post=847"}],"curies":[{"name":"wp","href":"https:\/\/api.w.org\/{rel}","templated":true}]}}