{"id":849,"date":"2020-12-15T19:57:35","date_gmt":"2020-12-15T19:57:35","guid":{"rendered":"http:\/\/www.hcgrupo.com\/?post_type=product&#038;p=849"},"modified":"2021-11-05T16:43:19","modified_gmt":"2021-11-05T16:43:19","slug":"saforelle-pain-surgras","status":"publish","type":"product","link":"http:\/\/www.hcgrupo.com\/?product=saforelle-pain-surgras","title":{"rendered":"Saforelle Pain Surgras"},"content":{"rendered":"","protected":false},"excerpt":{"rendered":"<p><strong>Descripci\u00f3n del Producto<\/strong><\/p>\n<ul>\n<li>Higiene \u00edntima y personal: Barra Surgras protege el \u00e1rea \u00edntima y respeta la piel seca.<\/li>\n<\/ul>\n<p><strong>Principio Activo<\/strong><\/p>\n<ul>\n<li>Extracto de Bardana.<\/li>\n<\/ul>\n<p><strong>F\u00f3rmula<\/strong><\/p>\n<ul>\n<li>Sodium Palmate, Sodium Palm Kernelate, Aqua, Parfum, Prunus Amygdalus Dulcis Oil, Palm Acid, Sodium Chloride, Glycerin, Propylene Glycol, Palm Kernel Acid, Tetrasodium Edta, Tetrasodium Etidronate, Arctium Lappa Root Extract, Linalool, Limonene, Coumarin.<\/li>\n<\/ul>\n<p><strong>Modo de Uso<\/strong><\/p>\n<ul>\n<li>La barra Surgras enriquecida con aceite de almendras dulces limpia suavemente sin resecar el \u00e1rea \u00edntima y brinda una sensaci\u00f3n de comodidad.<\/li>\n<li>Su pH alcalino y su formulaci\u00f3n con extractos naturales de bardana la convierten en un tratamiento particularmente adecuado para la limpieza diaria personal y corporal.<\/li>\n<li>Control de la espasticidad esfinteriana uretral.<\/li>\n<\/ul>\n<p><strong>Presentaci\u00f3n<\/strong><\/p>\n<ul>\n<li>Barra de 100 gr.<\/li>\n<\/ul>\n","protected":false},"featured_media":1001,"template":"","meta":{"spay_email":""},"product_cat":[25],"product_tag":[],"_links":{"self":[{"href":"http:\/\/www.hcgrupo.com\/index.php?rest_route=\/wp\/v2\/product\/849"}],"collection":[{"href":"http:\/\/www.hcgrupo.com\/index.php?rest_route=\/wp\/v2\/product"}],"about":[{"href":"http:\/\/www.hcgrupo.com\/index.php?rest_route=\/wp\/v2\/types\/product"}],"wp:featuredmedia":[{"embeddable":true,"href":"http:\/\/www.hcgrupo.com\/index.php?rest_route=\/wp\/v2\/media\/1001"}],"wp:attachment":[{"href":"http:\/\/www.hcgrupo.com\/index.php?rest_route=%2Fwp%2Fv2%2Fmedia&parent=849"}],"wp:term":[{"taxonomy":"product_cat","embeddable":true,"href":"http:\/\/www.hcgrupo.com\/index.php?rest_route=%2Fwp%2Fv2%2Fproduct_cat&post=849"},{"taxonomy":"product_tag","embeddable":true,"href":"http:\/\/www.hcgrupo.com\/index.php?rest_route=%2Fwp%2Fv2%2Fproduct_tag&post=849"}],"curies":[{"name":"wp","href":"https:\/\/api.w.org\/{rel}","templated":true}]}}